{"id":718,"date":"2023-05-29T13:12:48","date_gmt":"2023-05-29T11:12:48","guid":{"rendered":"https:\/\/www.centremedicestartit.com\/?page_id=718"},"modified":"2023-05-29T13:13:32","modified_gmt":"2023-05-29T11:13:32","slug":"accessibility-statement","status":"publish","type":"page","link":"https:\/\/www.centremedicestartit.com\/en\/accessibility-statement\/","title":{"rendered":"Accessibility statement"},"content":{"rendered":"<h1>Accessibility statement<\/h1>\n<p>Ferran Gil-Vernet M-G\u00a0undertakes to make its website accessible in accordance with <a href=\"https:\/\/www.boe.es\/eli\/es\/rd\/2018\/09\/07\/1112\">Royal Decree 1112\/2018<\/a>, of September 7, on the accessibility of websites and applications for mobile devices in the public sector.<\/p>\n<p>This accessibility statement applies to this website.<\/p>\n<h2>Compliance status<\/h2>\n<p>This website is fully compliant with RD 1112\/2018.<\/p>\n<h2>Content not accessible<\/h2>\n<p>The content listed below is not accessible for the following reasons:<\/p>\n<p><strong>Lack of compliance with RD 1112\/2018<\/strong><\/p>\n<p>Incorrect nesting of tags can still be found.<\/p>\n<p>There could be occasional editing errors on the website.<\/p>\n<p><strong>disproportionate burden<\/strong><\/p>\n<p>Does not apply.<\/p>\n<h2>Preparation of this accessibility statement<\/h2>\n<p>This statement was prepared on May 5, 2023.<\/p>\n<p>The method used to prepare the declaration has been a self-assessment carried out by the company itself.<\/p>\n<h2>Observations and contact information<\/h2>\n<p>You can make communications about accessibility requirements (article 10.2.a) of RD 1112\/2018) such as:<\/p>\n<ul>\n<li>Report any possible breach by this website.<\/li>\n<li>Convey other content access difficulties.<\/li>\n<li>Formulate any other query or suggestion for improvement related to the accessibility of the website.<\/li>\n<\/ul>\n<p>Through our contact form, by phone or in person at our headquarters.<\/p>\n<p>Communications, complaints and requests for accessible information will be received and processed by our team.<\/p>\n","protected":false},"excerpt":{"rendered":"<p>Accessibility statement Ferran Gil-Vernet M-G\u00a0undertakes to make its website accessible in accordance with Royal Decree 1112\/2018, of September 7, on the accessibility of websites and applications for mobile devices in the public sector. This accessibility statement applies to this website. Compliance status This website is fully compliant with RD 1112\/2018. Content not accessible The content [&hellip;]<\/p>\n","protected":false},"author":3,"featured_media":0,"parent":0,"menu_order":0,"comment_status":"closed","ping_status":"closed","template":"","meta":{"footnotes":""},"class_list":["post-718","page","type-page","status-publish","hentry"],"yoast_head":"<!-- This site is optimized with the Yoast SEO plugin v26.8 - https:\/\/yoast.com\/product\/yoast-seo-wordpress\/ -->\n<title>Accessibility statement | Centre M\u00e8dic Estartit<\/title>\n<meta name=\"robots\" content=\"index, follow, max-snippet:-1, max-image-preview:large, max-video-preview:-1\" \/>\n<link rel=\"canonical\" href=\"https:\/\/www.centremedicestartit.com\/en\/accessibility-statement\/\" \/>\n<meta property=\"og:locale\" content=\"en_US\" \/>\n<meta property=\"og:type\" content=\"article\" \/>\n<meta property=\"og:title\" content=\"Accessibility statement | Centre M\u00e8dic Estartit\" \/>\n<meta property=\"og:description\" content=\"Accessibility statement Ferran Gil-Vernet M-G\u00a0undertakes to make its website accessible in accordance with Royal Decree 1112\/2018, of September 7, on the accessibility of websites and applications for mobile devices in the public sector. This accessibility statement applies to this website. Compliance status This website is fully compliant with RD 1112\/2018. Content not accessible The content [&hellip;]\" \/>\n<meta property=\"og:url\" content=\"https:\/\/www.centremedicestartit.com\/en\/accessibility-statement\/\" \/>\n<meta property=\"og:site_name\" content=\"Centre M\u00e8dic Estartit\" \/>\n<meta property=\"article:modified_time\" content=\"2023-05-29T11:13:32+00:00\" \/>\n<meta property=\"og:image\" content=\"https:\/\/www.centremedicestartit.com\/wp-content\/uploads\/2023\/04\/logo-1.png\" \/>\n\t<meta property=\"og:image:width\" content=\"680\" \/>\n\t<meta property=\"og:image:height\" content=\"312\" \/>\n\t<meta property=\"og:image:type\" content=\"image\/png\" \/>\n<meta name=\"twitter:card\" content=\"summary_large_image\" \/>\n<script type=\"application\/ld+json\" class=\"yoast-schema-graph\">{\"@context\":\"https:\/\/schema.org\",\"@graph\":[{\"@type\":\"WebPage\",\"@id\":\"https:\/\/www.centremedicestartit.com\/en\/accessibility-statement\/\",\"url\":\"https:\/\/www.centremedicestartit.com\/en\/accessibility-statement\/\",\"name\":\"Accessibility statement | Centre M\u00e8dic Estartit\",\"isPartOf\":{\"@id\":\"https:\/\/www.centremedicestartit.com\/#website\"},\"datePublished\":\"2023-05-29T11:12:48+00:00\",\"dateModified\":\"2023-05-29T11:13:32+00:00\",\"breadcrumb\":{\"@id\":\"https:\/\/www.centremedicestartit.com\/en\/accessibility-statement\/#breadcrumb\"},\"inLanguage\":\"en-US\",\"potentialAction\":[{\"@type\":\"ReadAction\",\"target\":[\"https:\/\/www.centremedicestartit.com\/en\/accessibility-statement\/\"]}]},{\"@type\":\"BreadcrumbList\",\"@id\":\"https:\/\/www.centremedicestartit.com\/en\/accessibility-statement\/#breadcrumb\",\"itemListElement\":[{\"@type\":\"ListItem\",\"position\":1,\"name\":\"Inici\",\"item\":\"https:\/\/www.centremedicestartit.com\/en\/home\/\"},{\"@type\":\"ListItem\",\"position\":2,\"name\":\"Accessibility statement\"}]},{\"@type\":\"WebSite\",\"@id\":\"https:\/\/www.centremedicestartit.com\/#website\",\"url\":\"https:\/\/www.centremedicestartit.com\/\",\"name\":\"Centre M\u00e8dic Estartit\",\"description\":\"El teu centre m\u00e8dic de confian\u00e7a a la Costa Brava\",\"alternateName\":\"Centre M\u00e8dic Estartit\",\"potentialAction\":[{\"@type\":\"SearchAction\",\"target\":{\"@type\":\"EntryPoint\",\"urlTemplate\":\"https:\/\/www.centremedicestartit.com\/?s={search_term_string}\"},\"query-input\":{\"@type\":\"PropertyValueSpecification\",\"valueRequired\":true,\"valueName\":\"search_term_string\"}}],\"inLanguage\":\"en-US\"}]}<\/script>\n<!-- \/ Yoast SEO plugin. -->","yoast_head_json":{"title":"Accessibility statement | Centre M\u00e8dic Estartit","robots":{"index":"index","follow":"follow","max-snippet":"max-snippet:-1","max-image-preview":"max-image-preview:large","max-video-preview":"max-video-preview:-1"},"canonical":"https:\/\/www.centremedicestartit.com\/en\/accessibility-statement\/","og_locale":"en_US","og_type":"article","og_title":"Accessibility statement | Centre M\u00e8dic Estartit","og_description":"Accessibility statement Ferran Gil-Vernet M-G\u00a0undertakes to make its website accessible in accordance with Royal Decree 1112\/2018, of September 7, on the accessibility of websites and applications for mobile devices in the public sector. This accessibility statement applies to this website. Compliance status This website is fully compliant with RD 1112\/2018. Content not accessible The content [&hellip;]","og_url":"https:\/\/www.centremedicestartit.com\/en\/accessibility-statement\/","og_site_name":"Centre M\u00e8dic Estartit","article_modified_time":"2023-05-29T11:13:32+00:00","og_image":[{"width":680,"height":312,"url":"https:\/\/www.centremedicestartit.com\/wp-content\/uploads\/2023\/04\/logo-1.png","type":"image\/png"}],"twitter_card":"summary_large_image","schema":{"@context":"https:\/\/schema.org","@graph":[{"@type":"WebPage","@id":"https:\/\/www.centremedicestartit.com\/en\/accessibility-statement\/","url":"https:\/\/www.centremedicestartit.com\/en\/accessibility-statement\/","name":"Accessibility statement | Centre M\u00e8dic Estartit","isPartOf":{"@id":"https:\/\/www.centremedicestartit.com\/#website"},"datePublished":"2023-05-29T11:12:48+00:00","dateModified":"2023-05-29T11:13:32+00:00","breadcrumb":{"@id":"https:\/\/www.centremedicestartit.com\/en\/accessibility-statement\/#breadcrumb"},"inLanguage":"en-US","potentialAction":[{"@type":"ReadAction","target":["https:\/\/www.centremedicestartit.com\/en\/accessibility-statement\/"]}]},{"@type":"BreadcrumbList","@id":"https:\/\/www.centremedicestartit.com\/en\/accessibility-statement\/#breadcrumb","itemListElement":[{"@type":"ListItem","position":1,"name":"Inici","item":"https:\/\/www.centremedicestartit.com\/en\/home\/"},{"@type":"ListItem","position":2,"name":"Accessibility statement"}]},{"@type":"WebSite","@id":"https:\/\/www.centremedicestartit.com\/#website","url":"https:\/\/www.centremedicestartit.com\/","name":"Centre M\u00e8dic Estartit","description":"El teu centre m\u00e8dic de confian\u00e7a a la Costa Brava","alternateName":"Centre M\u00e8dic Estartit","potentialAction":[{"@type":"SearchAction","target":{"@type":"EntryPoint","urlTemplate":"https:\/\/www.centremedicestartit.com\/?s={search_term_string}"},"query-input":{"@type":"PropertyValueSpecification","valueRequired":true,"valueName":"search_term_string"}}],"inLanguage":"en-US"}]}},"_links":{"self":[{"href":"https:\/\/www.centremedicestartit.com\/en\/wp-json\/wp\/v2\/pages\/718","targetHints":{"allow":["GET"]}}],"collection":[{"href":"https:\/\/www.centremedicestartit.com\/en\/wp-json\/wp\/v2\/pages"}],"about":[{"href":"https:\/\/www.centremedicestartit.com\/en\/wp-json\/wp\/v2\/types\/page"}],"author":[{"embeddable":true,"href":"https:\/\/www.centremedicestartit.com\/en\/wp-json\/wp\/v2\/users\/3"}],"replies":[{"embeddable":true,"href":"https:\/\/www.centremedicestartit.com\/en\/wp-json\/wp\/v2\/comments?post=718"}],"version-history":[{"count":3,"href":"https:\/\/www.centremedicestartit.com\/en\/wp-json\/wp\/v2\/pages\/718\/revisions"}],"predecessor-version":[{"id":720,"href":"https:\/\/www.centremedicestartit.com\/en\/wp-json\/wp\/v2\/pages\/718\/revisions\/720"}],"wp:attachment":[{"href":"https:\/\/www.centremedicestartit.com\/en\/wp-json\/wp\/v2\/media?parent=718"}],"curies":[{"name":"wp","href":"https:\/\/api.w.org\/{rel}","templated":true}]}}

<!-- This site is optimized with the Yoast SEO plugin v26.8 - https://yoast.com/product/yoast-seo-wordpress/ -->
<title>Accessibility statement | Centre Mèdic Estartit</title>
<meta name="robots" content="index, follow, max-snippet:-1, max-image-preview:large, max-video-preview:-1" />
<link rel="canonical" href="https://www.centremedicestartit.com/en/accessibility-statement/" />
<meta property="og:locale" content="en_US" />
<meta property="og:type" content="article" />
<meta property="og:title" content="Accessibility statement | Centre Mèdic Estartit" />
<meta property="og:description" content="Accessibility statement Ferran Gil-Vernet M-G undertakes to make its website accessible in accordance with Royal Decree 1112/2018, of September 7, on the accessibility of websites and applications for mobile devices in the public sector. This accessibility statement applies to this website. Compliance status This website is fully compliant with RD 1112/2018. Content not accessible The content [&hellip;]" />
<meta property="og:url" content="https://www.centremedicestartit.com/en/accessibility-statement/" />
<meta property="og:site_name" content="Centre Mèdic Estartit" />
<meta property="article:modified_time" content="2023-05-29T11:13:32+00:00" />
<meta property="og:image" content="https://www.centremedicestartit.com/wp-content/uploads/2023/04/logo-1.png" />
	<meta property="og:image:width" content="680" />
	<meta property="og:image:height" content="312" />
	<meta property="og:image:type" content="image/png" />
<meta name="twitter:card" content="summary_large_image" />
<script type="application/ld+json" class="yoast-schema-graph">{"@context":"https://schema.org","@graph":[{"@type":"WebPage","@id":"https://www.centremedicestartit.com/en/accessibility-statement/","url":"https://www.centremedicestartit.com/en/accessibility-statement/","name":"Accessibility statement | Centre Mèdic Estartit","isPartOf":{"@id":"https://www.centremedicestartit.com/#website"},"datePublished":"2023-05-29T11:12:48+00:00","dateModified":"2023-05-29T11:13:32+00:00","breadcrumb":{"@id":"https://www.centremedicestartit.com/en/accessibility-statement/#breadcrumb"},"inLanguage":"en-US","potentialAction":[{"@type":"ReadAction","target":["https://www.centremedicestartit.com/en/accessibility-statement/"]}]},{"@type":"BreadcrumbList","@id":"https://www.centremedicestartit.com/en/accessibility-statement/#breadcrumb","itemListElement":[{"@type":"ListItem","position":1,"name":"Inici","item":"https://www.centremedicestartit.com/en/home/"},{"@type":"ListItem","position":2,"name":"Accessibility statement"}]},{"@type":"WebSite","@id":"https://www.centremedicestartit.com/#website","url":"https://www.centremedicestartit.com/","name":"Centre Mèdic Estartit","description":"El teu centre mèdic de confiança a la Costa Brava","alternateName":"Centre Mèdic Estartit","potentialAction":[{"@type":"SearchAction","target":{"@type":"EntryPoint","urlTemplate":"https://www.centremedicestartit.com/?s={search_term_string}"},"query-input":{"@type":"PropertyValueSpecification","valueRequired":true,"valueName":"search_term_string"}}],"inLanguage":"en-US"}]}</script>
<!-- / Yoast SEO plugin. -->

Accessibility statement | Centre Mèdic Estartit

Centre Mèdic Estartit

El teu centre mèdic de confiança a la Costa Brava
